 + 3*w - 10 = 8*w, -i - 5*w = -8. Let c = 9 - i. Calculate the remainder when c is divided by 3.
0
Let j(t) = t - 16. What is the remainder when 124 is divided by j(25)?
7
Suppose 3*g = 8 - 2. Let p(j) = -2 - 13*j + g. What is the remainder when 25 is divided by p(-1)?
12
Let u = -57 + 63. Calculate the remainder when 19 is divided by u.
1
Let z(a) = a**3 + 3*a**2 + a. Let s be z(-4). Let f = s - -11. What is the remainder when 25 is divided by f/12*24/(-2)?
7
Let z = 14 + -5. Let r = z - 5. Calculate the remainder when 7 is divided by r.
3
Suppose 2*w = -31 - 71. Calculate the remainder when 38 is divided by 15/(-75) - w/5.
8
Suppose -5*k = -4*k - 17. Let f = 0 - 0. Let n = f + 6. Calculate the remainder when k is divided by n.
5
Let g = -39 - -66. Calculate the remainder when 104 is divided by g.
23
Suppose -3*h = 3*l - 65 - 10, 4*l - 5*h = 145. What is the remainder when 57 is divided by l?
27
Let m = -20 + 62. What is the remainder when m is divided by 22?
20
Let i(y) = 3*y**3 + 53*y**2 - 16*y + 53. What is the remainder when i(-18) is divided by 86/10 - (-2)/5?
8
Let z = 177 - 82. Calculate the remainder when z is divided by 48.
47
Let u be (1 + (0 - -1))/1. Suppose 3*x - 2*c - 72 = u*c, -x + 25 = -c. Suppose 0 = -33*p + 34*p - 15. What is the remainder when x is divided by p?
13
Let j = 58 - 13. Suppose -j + 2 = -u. What is the remainder when u is divided by (-4)/(-14) - 206/(-14)?
13
Suppose -5*t + 2*w + 3 = 0, w - 5*w = -4*t + 12. Let n(l) = 31*l**2 - 1. Calculate the remainder when n(t) is divided by 8.
6
What is the remainder when 104 is divided by ((20 + -13)*36/7)/1?
32
Let a = 2 - -3. Suppose -p - a + 17 = 0. What is the remainder when p is divided by 7?
5
Suppose 16 = i + 6. Suppose 2*b + 26 = 3*a, -3*a + 2*b + 20 = -a. Calculate the remainder when i is divided by a.
4
Suppose 5*h - 25 = -4*x, x + 0*x + 3*h - 15 = 0. Suppose x = s - 5, -65 = -5*k - 2*s. Calculate the remainder when k is divided by 6.
5
What is the remainder when 63*(6/(-3) + 3) is divided by 22?
19
Let x = 17 - 25. What is the remainder when 13 is divided by (2/(-3))/(x/84)?
6
Let f be 2 + 3/(-6)*-38. Suppose 4*t - f = 3*t. Calculate the remainder when 81 is divided by t.
18
Let v = -43 - -150. Suppose 0 = 5*z - 143 - v. What is the remainder when z is divided by 17?
16
Let i be 3/(1 + 6/(-9)). Calculate the remainder when 4 - 3*3/i is divided by 3.
0
Let z = -51 + 109. Suppose -5*g + 3*a = -147, -z = -g + 5*a - 11. Let c = g - 13. What is the remainder when c is divided by 5?
4
What is the remainder when 1/(3 + -2 + 0) is divided by ((-2)/(-5))/(8/20)?
0
Suppose -3 = -4*y - 4*u + 1, -5*y + 12 = -2*u. Suppose 156 = 5*p - y*p + 2*o, 5*o = 4*p - 231. What is the remainder when p is divided by 14?
12
Let v(n) = -2*n + 37. Calculate the remainder when v(0) is divided by 10.
7
Suppose 101 = 5*f - 454. Calculate the remainder when f is divided by 38.
35
Calculate the remainder when ((-18)/(-4))/((-3)/(-6)) is divided by 2.
1
Let a(h) be the third derivative of -h**5/60 - h**4/3 + 5*h**3/6 + 3*h**2. What is the remainder when 8 is divided by a(-8)?
3
Let x = 22 + -6. Let k = 68 + -5. Calculate the remainder when k is divided by x.
15
Let t(w) = -2*w - 8. What is the remainder when 46 is divided by t(-13)?
10
Let s = 10 - 8. Suppose -s*b + 54 = -0. Calculate the remainder when b is divided by 15.
12
Let z = -127 - -34. Let l = -25 - z. What is the remainder when l is divided by 23?
22
Let x = 96 - 13. What is the remainder when x is divided by 28?
27
Suppose 2*o + 16 = 2*v, o = 5*v - 2*v - 16. Let w(x) = -x**3 + 4*x**2 + 3*x. Calculate the remainder when 34 is divided by w(v).
10
Let c(b) = 2*b**2 - 5*b + 7. Let a = -6 - -6. Suppose a = -2*s + 49 - 15. What is the remainder when c(5) is divided by s?
15
Let h(s) = s. Suppose q + 2*q - 12 = 0. Calculate the remainder when q is divided by h(3).
1
Let k = -220 - -406. What is the remainder when k is divided by 27?
24
Suppose 0 = j - 3*j - 4. Calculate the remainder when 27 is divided by 14/(-1)*(j - -1).
13
Suppose s - 64 = 4*h - s, 5*h - 3*s = -81. Let k = -10 - h. Let x = k + -2. What is the remainder when x is divided by 2?
1
Suppose -4*g + 605 + 15 = 0. Suppose 6*q = q + g. Calculate the remainder when q is divided by 1/(-2) - 23/(-2).
9
Let y(r) = 5 + 5*r - 4 - 4*r - 3*r + r**2. Let b be y(4). Let d = b + -7. What is the remainder when 6 is divided by d?
0
Let p(h) = h**2 - 3*h - 7. Let d be p(8). Suppose 6*z = 9*z - d. Calculate the remainder when 31 is divided by z.
9
Let f be ((2 + -17)/3)/(-1). Suppose 4*w - 3*t + 2*t = 101, f*t - 93 = -3*w. What is the remainder when w is divided by 9?
8
Let s be 18/3 - (0 + -1). Let n(h) = -h**2 + 10*h + 15. Let g be n(11). Let t = s - g. Calculate the remainder when t is divided by 2.
1
Suppose -5*q = 3*u - 22, 2*u = -5*q + 22 - 9. What is the remainder when 0 - (0 + 4 + -29) is divided by u?
7
Let w(v) = v**2 + v + 4. Let a be w(-2). Let c(s) = -s**2 - 4*s + 2. Let p be c(-5). Let b = p + a. Calculate the remainder when 10 is divided by b.
1
Suppose 0 = 3*j - 3*m + 2*m - 112, 0 = 5*j - m - 184. Suppose -5*u - 2*o - 8 = -105, -2*o = -2*u + j. Calculate the remainder when 54 is divided by u.
16
Calculate the remainder when (12/(-10))/((-2)/10) is divided by 3/15*(4 - 12/(-2)).
0
Let c(k) = k**2 + 3*k - 2. Let u be c(-4). Let n(m) = -m**3 + 8*m**2 - 6*m + 1. What is the remainder when n(6) is divided by (-1)/((-54)/26 + u)?
11
Let q(d) = d**2 - 12*d - 10. Let x be q(12). Suppose -3*n - 8 = -0*r + r, 11 = -n - 2*r. What is the remainder when 5/2*x/n is divided by 9?
7
Suppose -35 = -u - b + 5*b, -b = -u + 32. Let d = 65 - u. Calculate the remainder when d is divided by 12.
10
Let z be (-1)/(((-9)/(-3))/(-15)). Suppose -z*j = -3*j - 24. Calculate the remainder when 23 is divided by j.
11
Suppose -3*i - 2*i + 45 = 0. Suppose i*u = 4*u + 85. Let t = 17 - 8. Calculate the remainder when u is divided by t.
8
Let c(a) = a**2 - 3*a + 6. Let n be (-17)/(-2) - (-4)/(-8). Suppose 4*y - 74 = u, 3*u = y - 16 - n. What is the remainder when y is divided by c(4)?
8
Let n(p) = p**3 - 8*p**2 - 9*p + 5. Let l be n(9). Suppose -l*y + 2*m = -117, 13 + 98 = 5*y + 4*m. What is the remainder when 44 is divided by y?
21
Let y(g) = g**2 + g. Let u(o) = -9*o + 13*o - 5 + 12 - 4*o**2. Let d(b) = u(b) + 3*y(b). Calculate the remainder when 20 is divided by d(7).
6
Suppose 0 = x + 5*p - 32, 0*x - 5*p = -4*x + 128. What is the remainder when 106 is divided by x?
10
Let y(z) = -2*z - 1. Let b = -1 + -1. Let o be y(b). Suppose -x - o*x = -48. Calculate the remainder when x is divided by 7.
5
Let p(u) be the first derivative of -u**4/4 - 7*u**3/3 + 9*u - 3. Calculate the remainder when 16 is divided by p(-7).
7
Suppose -48*n = -42*n - 582. What is the remainder when n is divided by 34?
29
Let m(p) = -p**2 + 15*p - 16. Let h be m(11). What is the remainder when (-4)/2*h/(-8) is divided by 3?
1
Let q be 4/(-3)*3/(-2). Calculate the remainder when q*1/4*82 is divided by 11.
8
Let z(x) = -x**2 - 8*x + 12. Let a be z(-9). Suppose -a*v = -111 + 12. What is the remainder when v is divided by 12?
9
Suppose 0 = 5*n - 5 - 5. Let o be 61/(-4) + n/8. Let l = o + 44. Calculate the remainder when l is divided by 15.
14
Let f(u) = -u**3 - 5*u**2 + 4*u + 7. What is the remainder when f(-6) is divided by 4?
3
Let k(y) = 15*y + 5. Let a be k(5). Suppose -4*r - a = -9*r. What is the remainder when r is divided by 9?
7
Let y = -11 + 111. Suppose -3*j = 3*p + p - 34, -5*j + 2*p = -y. Let i = -34 + 104. Calculate the remainder when i is divided by j.
16
Let f = 19 + 3. Let j(t) be the third derivative of -7*t**4/12 - t**3/3 + 6*t**2. What is the remainder when f is divided by j(-1)?
10
Let o be (-2)/4 + (-262)/(-4). Let y = 104 - o. Let a = y + -21. Calculate the remainder when 52 is divided by a.
16
Suppose 263 = 5*w - 4*w. What is the remainder when w is divided by 66?
65
Suppose 7*a = 14 + 49. Calculate the remainder when 33 is divided by a.
6
Let o(d) = d + 15. Calculate the remainder when 47 is divided by o(9).
23
Suppose y = 7 - 1. What is the remainder when 28 is divided by y?
4
Suppose 0 = -3*x + 4*r + 74, -3*x - 2*r + 20 + 78 = 0. What is the remainder when x is divided by 8?
6
Let g be 4/6 + (-13)/(-3). Let a = -4 + g. 